+ 8. Suppose -3*b - 14 = -0*h + 4*h, 0 = 4*b + 4*h + 20. Let j be a(b). Let u(l) = l + 1. What are the prime factors of u(j)?
3
Let s(l) = l**3 - l**2 + l + 4. Let d be s(0). Let v be (6/10)/((-3)/(-15)). Suppose -21 = -d*o + v. List the prime factors of o.
2, 3
Suppose -2*a + 4 = -4. Let n(c) = -c + 4. Let o be n(a). Suppose t + 2*t - 18 = o. List the prime factors of t.
2, 3
Let x = 31 - -31. What are the prime factors of x?
2, 31
Let d(m) be the second derivative of -m**5/20 + m**4/12 + m**3/6 + 3*m**2 + m. List the prime factors of d(0).
2, 3
Let v(h) = -h**2 - 9*h + 10. Let i be v(-10). Suppose 0 = m + 4*x - 10 - 6, x = i. What are the prime factors of m?
2
Suppose -2*k = -7*k + 20. Suppose 2*p + 6 = k*p. List the prime factors of p.
3
Suppose -2*t + 4*g = -18, 2*t - 3*t - 5*g = -23. List the prime factors of t.
13
Let i be 42/10*(-8 + 3). List the prime factors of (-2)/(-3) - 133/i.
7
Let x be (-1)/(-4) + (-24)/(-32). Suppose -4*a + 47 = -x. What are the prime factors of a?
2, 3
Let f = -9 + 15. Suppose -5*q - w - 1 = -12, 2*q - 5*w - 26 = 0. Suppose u - t - 43 = -q*u, -2*t - f = 0. List the prime factors of u.
2, 5
Let r be 15/(-2)*8/(-12). Suppose -r*p + 72 = -43. List the prime factors of p.
23
Let j = 16 + -22. Let x be -4*3/j - -3. Let y = 7 + x. What are the prime factors of y?
2, 3
List the prime factors of 176*(-4 + (-36)/(-8)).
2, 11
Let y(s) = -1 - 6*s + 2 + 2 - s**2. Let i be y(-7). Let u = 17 + i. What are the prime factors of u?
13
Let f = -3 + 0. Let d(c) = -c - 3. Let u(h) = -3*h - 7. Let y(v) = -15*d(v) + 6*u(v). What are the prime factors of y(f)?
2, 3
Let n = 123 - 83. Let a = n - 11. What are the prime factors of a?
29
Suppose 3*s = 5*s - 234. List the prime factors of s.
3, 13
Suppose -2*w + 3*p = 8*p - 171, -w + 3*p + 80 = 0. What are the prime factors of w?
83
Let h(t) = 3*t + 13. List the prime factors of h(10).
43
List the prime factors of 9/4*(0 + (-112)/(-3)).
2, 3, 7
Suppose 2*x + 36 = 4*x. List the prime factors of x.
2, 3
Let d = 6 + -4. Let f(y) = y - 1 - d - 1. List the prime factors of f(8).
2
Let r = 18 + 189. List the prime factors of r.
3, 23
Let x(w) = -w + 1. Let l be x(3). Let r be 4*(-1)/(4/6). Let f = l - r. List the prime factors of f.
2
Suppose -4*q = 3*a - 12 - 26, -a = -4*q + 14. List the prime factors of a.
2, 3
Let n(w) = -7*w - 14. Let c(s) = s - 1. Let z(x) = -3*c(x) + n(x). List the prime factors of z(-5).
3, 13
Let q be (-44)/(-2) - (6 - 8). Suppose q = 3*p + p. What are the prime factors of 4/(p/(-9)*-3)?
2
Let v(c) = -7*c - 15. List the prime factors of v(-8).
41
Let h be 6 - 2/4*4. Suppose -h*s - s = -10. List the prime factors of (s - -15 - 1) + 0.
2
List the prime factors of (6/6)/((-2)/(-44)).
2, 11
Let k(a) = a**3 + 10*a**2 + 10*a - 9. Let x be k(-8). Suppose r = 6 + x. What are the prime factors of r?
3, 5
Let m = -1 - -4. Suppose m*g = -11 + 101. What are the prime factors of g?
2, 3, 5
What are the prime factors of (581/14)/(1/2)?
83
Suppose -5*q + 17 = 2*k, 3*q - 4 = k + 4. List the prime factors of q.
3
Suppose 40 = 5*x - 25. What are the prime factors of x?
13
Let k = 28 - 7. List the prime factors of k.
3, 7
Suppose -193 + 10 = -3*h. List the prime factors of h.
61
Let m = 0 - -3. Suppose -5*s - 37 + 2 = -g, 3*g = -m*s + 69. What are the prime factors of g?
5
What are the prime factors of (4 + -3)*(2 - 0)*86?
2, 43
Let v be (-1 - -1)/(1 + 1). Suppose 6*w + 141 = 5*q + 3*w, q + w - 25 = v. List the prime factors of q.
3
Suppose 5*w - 28 + 3 = 0. Suppose -8 = f - 3, 5*f = -n + w. List the prime factors of n.
2, 3, 5
Let l(r) = 4*r**2 - r + 32 - 3*r**2 - 2*r**2. List the prime factors of l(0).
2
Suppose -5*w = -5*q + 25, 3*q - 2*q + 2*w + 1 = 0. Let b = -8 + 14. Suppose 0 = q*a - 6*a + b. List the prime factors of a.
2
Suppose -41 = -4*f - 5*p - 8, -2*f + 15 = 3*p. Let u = 20 - f. Let m = u - -4. What are the prime factors of m?
2, 3
Suppose 4*f - 40 = 224. List the prime factors of f.
2, 3, 11
Let d be (0/(-12))/(1 - 0). Suppose r + d*z + z = 41, 164 = 4*r - 4*z. What are the prime factors of r?
41
Suppose 3*c + 4 = 2*x, 4*c - 16 = -2*x + c. Suppose -1 = -x*q + 19. List the prime factors of q.
2
Let u = 47 + 23. What are the prime factors of u?
2, 5, 7
Let q = 796 - 556. List the prime factors of q.
2, 3, 5
Suppose -5*j = 2*n + 45, -n + 36 = -3*j - j. What are the prime factors of ((-6)/(-2))/((-1)/j)?
3
Suppose -3*s + 9 = -6*s. Let q(y) = -y**3 - y**2 + y - 1. What are the prime factors of q(s)?
2, 7
Let m = 22 + 8. Let w be 1*m + 0 + -2. Suppose f = 3*h + w, 9 + 9 = f - h. List the prime factors of f.
13
Let p(s) = -2*s - 9. What are the prime factors of p(-8)?
7
Suppose -2 = -0*d + d + 4*h, d - 18 = h. List the prime factors of d.
2, 7
Suppose 0 = 4*g - 3*f - 392 - 299, 2*g = 2*f + 348. What are the prime factors of g?
13
Let i = -5 + 19. Suppose -q + 3 = -i. What are the prime factors of q?
17
List the prime factors of 60/(-40) + 998/4.
2, 31
List the prime factors of (-1 - -2)/((-21)/(-126)).
2, 3
Suppose 0 = 5*c + f - 85, 3*c - c = 2*f + 34. List the prime factors of c.
17
Let d(m) = -m**3 + 12*m**2 - 5*m - 22. List the prime factors of d(11).
2, 11
Let p = 183 + -100. List the prime factors of p.
83
Let d be (-2 + -8)/(-2) - -1. Suppose 0 = q + 3*i + 1 + 5, 5*i = -q - d. List the prime factors of (3 + 0)*(-16)/q.
2
Suppose 2*f - 160 = 156. List the prime factors of f.
2, 79
Let u = 4 - -85. Let l = u + -59. Suppose 5*o = c + 51, 2*c = 5*o - l - 17. What are the prime factors of o?
11
Suppose 0 = -0*u + 3*u - 2*b - 123, 0 = -2*b. List the prime factors of u.
41
Suppose 0*b + 8 = 4*b. Suppose -5*l + s = -120, b*l - 100 = -l - 5*s. List the prime factors of l.
5
Let u(b) = -b**2 + 6*b - 1. Let t be u(5). Suppose 0 = -t*p - 16, 2*p + p = 4*w - 40. What are the prime factors of w?
7
Let s(b) = -4*b - 2. Let v be s(-4). Suppose v = q - 0*q. List the prime factors of q.
2, 7
Let g(j) = 16*j**2 + 5*j - 10. What are the prime factors of g(3)?
149
Let f = -67 - -195. What are the prime factors of f?
2
Let c = -187 + 348. What are the prime factors of c?
7, 23
Let j(b) = b**2 - 7*b. Let s be j(8). Let c = s - 4. List the prime factors of c.
2
Suppose -504 = -4*d + 3*x, 2*x = 4*d + x - 496. List the prime factors of (-4)/(-12) - d/(-9).
2, 7
List the prime factors of (-6)/30 + (-256)/(-5).
3, 17
Let r = 67 + -39. List the prime factors of r.
2, 7
Let o(c) = 66*c**3 + c**2 - 2*c + 1. Let d be o(1). Suppose 5*z = 25, -6*y + 2*y + d = 2*z. What are the prime factors of y?
2, 7
Let g be 4/7*28/8. Let r = 2 - g. Suppose r*h - 30 = -3*h. What are the prime factors of h?
2, 5
Let c(u) = u**3 + 8*u**2 - 3*u - 12. Let a(l) be the third derivative of -2*l**5/15 - l**4/24 - l**3/6 - l**2. Let v be a(-1). List the prime factors of c(v).
2, 3
Suppose 4*d - 12 = 4*f, 0 = f - 6*f - 2*d - 15. Let y = 1 - f. What are the prime factors of y?
2
Suppose -2*a = 4*k - 42, -3*k - 2*k = -a - 56. Let y = k + -3. What are the prime factors of y?
2
List the prime factors of (-5)/(-35) - (-3358)/14.
2, 3, 5
List the prime factors of -153*(2 + -7 + 4).
3, 17
Suppose -t - 201 = -2*t - 4*r, 20 = -5*r. List the prime factors of t.
7, 31
Let v = -36 - -62. Suppose -3*q = -55 - v. What are the prime factors of q?
3
Let h(n) = 2*n + 121. What are the prime factors of h(0)?
11
Suppose -3*c = -2*c - 4. Suppose c*z + 0*z - 60 = 0. What are the prime factors of z?
3, 5
Suppose 2*c = -9 + 113. What are the prime factors of c?
2, 13
List the prime factors of (-6)/(-21) + 2 + (-2390)/(-14).
173
Suppose -4*s = -3*d + 468, 0 = -4*d + 4*s + 808 - 184. What are the prime factors of d?
2, 3, 13
List the prime factors of (4/10)/(6/(2136 + -6)).
2, 71
Suppose -s - 3 = -0. Let k be (-1)/s + (-14)/(-3). Suppose 3*c + k*h = 32, 3*c - 31 = -c + 5*h. List the prime factors of c.
3
Suppose v + v = -102. Let h = -34 - v. List the prime factors of h.
17
Let y be (-2)/6*(1 + -4). Let d = y + 0. Suppose 4*i - 21 + d = 0. List the prime factors of i.
5
Let t(l) = -l**3 + 3*l**2 + 8*l + 13. What are the prime factors of t(-5)?
173
Suppose -2*v = 3*v - 125. Suppose 4*d - 4 = 0, 4*m - 2*d + d + 57 = 0. Let l = m + v. What are the prime factors of l?
11
Let v be (9/2)/((-6)/(-32)). Suppose z + 1 - v = 0. List the prime factors of z.
23
Let